 5*s = -4*k - r. What are the prime factors of k?
3
Let u(n) = 19*n - 4. List the prime factors of u(1).
3, 5
Let b(a) = -a**2 - 12*a - 8. Let p be b(-11). Suppose -j + p*j - 78 = 0. What are the prime factors of j?
3, 13
Let j be (3/(-2))/((-9)/210). Let q = -20 + j. What are the prime factors of q?
3, 5
Suppose -4*f + 2*f + 6 = n, -2*f = -3*n + 42. Suppose 0*d = d - n. What are the prime factors of d?
2, 3
Let s(d) = d**3 - 6*d**2 - d + 7. Let m be s(5). Let g = -12 - m. What are the prime factors of g?
11
Suppose 2*h - 5 = -3*g, 2*h + 2*g + 2*g = 8. Let a = h + 6. List the prime factors of a.
2
Let j(w) = 7*w + 1. Let d be j(1). Let o(i) = i**2 - 8*i + 3. What are the prime factors of o(d)?
3
Suppose 12 = -t - t - 3*x, t = x + 4. Let o = 6 + -2. Suppose o*s = -t*s + 40. List the prime factors of s.
2, 5
Suppose 5*g - 4 + 29 = 0, 3*i + 2*g = 2. Suppose i = 4*l + 3*c - 15, 0 = l + 2*c - 1. What are the prime factors of l?
7
Let i = -290 + 474. What are the prime factors of i?
2, 23
Suppose g - 2 = 2*g. Let t be (0 - 0)/(1 - 2). What are the prime factors of g/(-1) - (-2 - t)?
2
Let a = -220 + 379. List the prime factors of a.
3, 53
Suppose 27*s + 140 = 32*s. What are the prime factors of s?
2, 7
Suppose 6*k - 3*k - 6 = 0. What are the prime factors of k?
2
Let b be 3/(3 + 3)*0. Let h = -2 - -12. List the prime factors of h + b - 0/(-1).
2, 5
Suppose g - 55 = b, 0 = -g - b + 16 + 29. Let f = 30 - g. What are the prime factors of (-1)/(-5) + (-76)/f?
2
Let v(g) = g**2 + 3*g + 2. Let y be v(-2). Suppose 7*p - 5*p - 48 = y. What are the prime factors of p?
2, 3
What are the prime factors of 1 - (-4 - (-5 - -11))?
11
Let m be (-2)/7 + (-6)/(-21). Suppose m = -6*i + 3*i. Suppose 0 = 5*t - 10 - i. What are the prime factors of t?
2
Let z be 2/7 - (-18)/(-14). Let r = 3 - z. What are the prime factors of r?
2
Suppose -g - 15 = -42. Let z = g + 3. List the prime factors of z.
2, 3, 5
Let q(m) = 7*m**2 - 2*m + 2. What are the prime factors of q(-3)?
71
Suppose 0*s - 93 = -3*s. Suppose 0 = 2*g - 5 - s. Suppose 2*c - g = -0*c. List the prime factors of c.
3
Suppose -m - 3 - 4 = 0. What are the prime factors of -2*(m - (1 + -3))?
2, 5
Let l be (-1 - 0) + (-7 - -3). Let j = 8 + l. Suppose j*z - 24 - 9 = 0. What are the prime factors of z?
11
Suppose 30 = -3*a + 90. List the prime factors of a.
2, 5
Let x(d) = -d**2 - d + 3. Let r be x(4). Let y = r + 31. List the prime factors of y.
2, 7
Let p be 1*(-10)/(-2) + -1. Suppose -4 = -4*g + p. What are the prime factors of g?
2
Let a(x) = 6*x**2 + 4*x + 3. Let l(y) = y**3 + 5*y**2 - 3*y + 8. Let m be l(-6). Let o be (8/(-6))/(m/(-15)). List the prime factors of a(o).
19
Let j(d) = 3*d - 1. Let x be j(2). Let c = x - -6. List the prime factors of c.
11
Let v(t) = 5*t**2 + 17*t + 51. List the prime factors of v(-7).
3, 59
Let q be 28/12 + (-4)/(-6). Let b(t) = t**2 - 4*t + 1. Let o be b(q). What are the prime factors of 2 - (0/(-3) + o)?
2
Let x(o) = -o + 4. Let n = 21 + -13. Let w be x(n). List the prime factors of (34/w)/((-1)/2).
17
Let a(p) = -4*p**3 + 3*p**2 - 2*p + 5. Let b(x) = -3*x**3 + 2*x**2 - 2*x + 4. Let q(c) = 2*a(c) - 3*b(c). List the prime factors of q(2).
2, 5
Let l be ((-6)/3)/(4/38). Let n(d) = d**3 - 4*d**2 - 1. Let q be n(3). Let s = q - l. What are the prime factors of s?
3
Let x(y) = y**3 - 4*y**2 + 2*y - 5. Let b be x(4). Suppose 0 = -3*o + 4*o + 4*s - 33, -s = -b*o + 34. List the prime factors of o.
13
What are the prime factors of 6540/24 + 1/(-2)?
2, 17
Suppose -5*y - 100 = -4*u, -3*y - 3*u + 0 = 60. Let p = -4 - y. List the prime factors of 2*p*1/2.
2
Suppose -4*t = -31 - 29. Let s(p) = -p - 11. Let x be s(0). Let b = t + x. What are the prime factors of b?
2
Suppose k = 5*k - 204. What are the prime factors of k?
3, 17
Suppose 0 = -5*n + 37 - 7. List the prime factors of n.
2, 3
Suppose -2*h - 44 = 2*h. Let u = h - -19. What are the prime factors of u?
2
Suppose 2*h - 4*h = -4. What are the prime factors of h?
2
Let j(l) = -6*l - 1. Let v be j(-3). Let t = v + -12. Suppose -t*c + 0*a = -a - 67, 0 = a + 2. List the prime factors of c.
13
Let s(t) = 8*t - 1. Let b be s(-2). Let y = -10 - b. List the prime factors of y.
7
List the prime factors of -5*(-2 + -1)/3.
5
Let n(c) = -5*c - 2. List the prime factors of n(-6).
2, 7
Let b(w) = w**2 - 14*w + 40. Let g be b(13). Suppose -45 = -l - 4*l. Let t = g - l. List the prime factors of t.
2, 3
Suppose 0 = -b + 22 + 23. Suppose 2*w - b = -5*y, 0*y = 3*w - 4*y - 56. What are the prime factors of w?
2, 5
Let i be (16/6)/(10/15). Suppose -i*r = -6*a + a - 56, 3*a = 3*r - 42. What are the prime factors of r?
2, 7
Suppose -3*g = 5*n - 33, -4*n + 1 - 29 = -g. Suppose -2 - g = -2*r. What are the prime factors of r?
3
Let p(h) = -h + 13. List the prime factors of p(-10).
23
Let u(l) = l**3 - 18*l**2 + 29*l + 30. What are the prime factors of u(17)?
2, 3, 13
Let u = 12 + -23. Let v(b) = -b**3 - 10*b**2 + 12*b + 14. What are the prime factors of v(u)?
3
Let z(n) be the first derivative of -n**4/4 + 2*n**3 + 7*n**2/2 + 6*n - 1. Suppose 12*p = 8*p + 28. What are the prime factors of z(p)?
2, 3
Let q = 69 + -39. Let n = -19 + q. What are the prime factors of n?
11
Let k(n) = 6*n**2 + 15*n - 7. List the prime factors of k(-5).
2, 17
Let a(s) = 2*s**2 + 6*s + 1. List the prime factors of a(-5).
3, 7
Let k(r) be the first derivative of r**2/2 - r + 3. List the prime factors of k(7).
2, 3
Let q be (-6)/15 - (-134)/10. Suppose 0 = r + 2*u + 18, r + 33 = -u - 4*u. Let k = r + q. What are the prime factors of k?
5
Suppose -28 - 16 = -2*f. What are the prime factors of f?
2, 11
Let h(i) = -i + 2. Let f be h(-5). Suppose 2*n + f = -3. What are the prime factors of n/((-45)/(-6))*-3?
2
Suppose -l + 0 = 7. Let t = l - -11. Suppose 0 = -t*u + 5*y + 38, -36 = -2*u - 2*u + 4*y. What are the prime factors of u?
7
Let p = 3 - 1. Suppose p*r - 2*a - 28 = 0, 3*r - 24 = 4*a - 7*a. Suppose -r = 5*v - 81. What are the prime factors of v?
2, 7
Suppose 0*p + 3*p = -5*y - 3, 6 = 3*p + 2*y. Suppose -p = 5*c + 11, 5*c - 8 = -n. What are the prime factors of n?
23
Let u be (7/14)/((-1)/(-6)). Suppose 2*g - u*g + 4 = 0. List the prime factors of g.
2
Let u be ((-4)/2)/((-5)/10). Suppose -4*i + 64 = u*a, -3*i - a - 22 = -64. What are the prime factors of i?
13
List the prime factors of (13/(-3) + 3)*-12.
2
Let r = 9 - 6. Let v be 26*(-1)/3*r. What are the prime factors of (-152)/v - (-4)/26?
2, 3
Suppose 0 = -z - 7 + 6, 2*z = -4*s + 802. List the prime factors of s.
3, 67
Suppose 0 = -2*o + 6, 3*o = -3*u + 77 + 28. Suppose -4*g + 0*g = -u. What are the prime factors of g?
2
Let y = 209 - 111. What are the prime factors of y?
2, 7
Let o = -395 + 616. What are the prime factors of o?
13, 17
What are the prime factors of (4/(-6))/(1 + 514/(-510))?
5, 17
Let y = 4 - -1. Let r(x) = -3*x**3 - 27*x**2 - 10*x + 23. Let j(k) = -2*k**3 - 18*k**2 - 7*k + 15. Let w(a) = y*r(a) - 8*j(a). List the prime factors of w(-8).
11
Let h(b) = -b**2 - 9*b + 3. Let u be h(-10). Let t = 5 - u. List the prime factors of 4/t*1*12.
2
Suppose -2 = 3*a - 17, 4*a = 2*c - 274. What are the prime factors of c?
3, 7
Let n(g) = g**2 + 2*g - 4. Let v(j) = 2*j**3 + 2*j**2 - j. Let r be v(1). List the prime factors of n(r).
11
Let h(g) = g**3 + 3*g - 1. Let p(u) = -5*u**3 - u**2 - u - 1. Let q be p(-1). Suppose -4*j - 2 = q*i - 6, 3*i - 2*j = 8. List the prime factors of h(i).
13
Let v = 92 + -51. What are the prime factors of v?
41
Let z(l) = 3*l**2 + 3*l - 5*l + 0*l**3 - l**3 + 2. Let o be z(2). Suppose -4*n + o*n = 0, -4*x + 2*n + 8 = 0. List the prime factors of x.
2
Let i = 3 + -3. Let w(c) = 0*c + 4 - 2*c + c**2 + i*c**2 + 0*c. List the prime factors of w(4).
2, 3
Let o = -6 - -3. Let m be o*(24/(-9))/(-1). List the prime factors of 12/m*(-4)/3.
2
Suppose -115 = -3*p + h, 0*h - 8 = -4*h. List the prime factors of p.
3, 13
Let j(d) = -12*d - 1. Suppose 0 = 2*h + 2*s + 18, -s - s = -2*h - 6. Let a be (2/(-6))/((-2)/h). List the prime factors of j(a).
11
Let q = -29 - -47. List the prime factors of q.
2, 3
Let y(a) = 286*a**3 - a**2 - 3*a + 4. What are the prime factors of y(1)?
2, 11, 13
What are the prime factors of (-43*2)/(28/(-98))?
7, 43
Suppose 6 = 2*s, -4*h - 3*s - 6 = -9*h. Suppose 5*n - 4*n = -h*u, -5*u - 